ime number?
False
Is 16954309247 composite?
True
Is 21955797637 composite?
False
Is 243739823 a composite number?
False
Is 770716091 a composite number?
False
Is 544547317 composite?
True
Is 15498607991 a prime number?
False
Is 23716321723 composite?
False
Is 2266088581 a composite number?
True
Is 14379605 a prime number?
False
Is 24054422641 composite?
True
Is 2105423501 a prime number?
False
Is 394478404133 a composite number?
True
Is 19295941441 a prime number?
False
Is 97621369627 composite?
False
Is 1272159137 prime?
True
Is 26814982951 prime?
True
Is 16201745051 a prime number?
True
Is 1784166077 a prime number?
False
Is 64976457983 a prime number?
True
Is 542657161 a prime number?
False
Is 16090476257 composite?
False
Is 41373628391 prime?
False
Is 44132246723 a prime number?
True
Is 564250681 composite?
False
Is 11065582733 a composite number?
False
Is 1128711313 a prime number?
True
Is 165755869 a composite number?
True
Is 185648649533 a composite number?
False
Is 1331880857 a prime number?
True
Is 63754666277 composite?
True
Is 13270319813 a prime number?
False
Is 17268932689 a composite number?
False
Is 388512401 a composite number?
True
Is 17444889841 a composite number?
True
Is 56560695077 prime?
False
Is 87470099 prime?
True
Is 33444667343 prime?
False
Is 936519767 prime?
False
Is 1093108879 a composite number?
True
Is 1322378749 a prime number?
False
Is 1895157269 a composite number?
False
Is 181817039 a composite number?
False
Is 504385181 composite?
True
Is 223914697 a composite number?
False
Is 1828005911 prime?
False
Is 807489687 a composite number?
True
Is 4650348713 composite?
True
Is 718663241 a composite number?
False
Is 118618179737 prime?
True
Is 47687273897 composite?
True
Is 109045327921 a prime number?
True
Is 3213046237 prime?
True
Is 182340185 composite?
True
Is 517761613 a prime number?
True
Is 1148093689 a composite number?
True
Is 20526109 a composite number?
True
Is 4639319413 a prime number?
True
Is 50142906829 a prime number?
True
Is 247824611 a prime number?
True
Is 1117564117 composite?
False
Is 3991007047 prime?
True
Is 56173241 a composite number?
False
Is 704266913 composite?
True
Is 3924724799 prime?
True
Is 600351811 a prime number?
True
Is 9851611349 a composite number?
True
Is 1079675143 a prime number?
True
Is 47686650289 a composite number?
False
Is 57558339983 a prime number?
False
Is 179133106 prime?
False
Is 7060268021 a composite number?
True
Is 1474757593 a composite number?
False
Is 958308613 composite?
False
Is 285872947 a composite number?
True
Is 8298041027 a prime number?
False
Is 505651079 a prime number?
True
Is 3329745311 a composite number?
False
Is 8867428847 a composite number?
True
Is 2250161077 a prime number?
False
Is 4082867417 prime?
True
Is 8947919731 composite?
True
Is 5233284839 prime?
True
Is 3795804293 a composite number?
False
Is 5647558255 a prime number?
False
Is 37769034235 composite?
True
Is 22191692189 a composite number?
False
Is 2781925247 a prime number?
True
Is 2971564039 composite?
False
Is 25702719769 a composite number?
False
Is 1886498753 composite?
False
Is 18659623 a prime number?
False
Is 5583329309 a prime number?
True
Is 1220478631 a prime number?
False
Is 11712483723 a prime number?
False
Is 148757023 prime?
False
Is 2716036571 a prime number?
True
Is 210229425865 a prime number?
False
Is 110365610743 composite?
True
Is 101281160017 a composite number?
False
Is 40506424261 a composite number?
False
Is 3563097883 a composite number?
False
Is 495699559 a prime number?
True
Is 1961594839 prime?
False
Is 155480402647 prime?
True
Is 20744866507 prime?
True
Is 23514312659 composite?
False
Is 72676473211 composite?
True
Is 6728978033 a prime number?
False
Is 37436095495 a prime number?
False
Is 13009779463 a prime number?
False
Is 3077524087 a prime number?
False
Is 1066426181 composite?
True
Is 834729677 a composite number?
False
Is 4673224079 a prime number?
False
Is 15994290749 a composite number?
False
Is 667395643 prime?
False
Is 82033087 a composite number?
True
Is 1547611 a prime number?
False
Is 9637524977 a composite number?
False
Is 196484917 composite?
False
Is 4372282906 prime?
False
Is 30252342413 prime?
True
Is 1364446799 composite?
True
Is 994077107 a composite number?
False
Is 744055729 a prime number?
True
Is 15298044991 composite?
True
Is 38278913 composite?
False
Is 3493464797 a composite number?
True
Is 32572405153 prime?
True
Is 35713219 a prime number?
True
Is 19366487507 a prime number?
False
Is 665153939 composite?
True
Is 27250263583 composite?
True
Is 353427983 a prime number?
True
Is 3749046337 composite?
False
Is 2259463291 prime?
True
Is 162965149 composite?
False
Is 16768215287 a prime number?
True
Is 9905234153 a composite number?
True
Is 7299631061 a composite number?
False
Is 515267989 composite?
True
Is 1100796611 composite?
False
Is 2043472807 a composite number?
True
Is 1233981167 prime?
True
Is 4537919917 prime?
False
Is 2225687809 prime?
False
Is 6533533 prime?
False
Is 47102357383 prime?
True
Is 21538123441 composite?
True
Is 203279923393 a composite number?
True
Is 57768235403 composite?
False
Is 1029742789 prime?
False
Is 7582710803 prime?
False
Is 465103937 a composite number?
False
Is 7012001 prime?
True
Is 1263245677 composite?
False
Is 536170489 prime?
False
Is 252302861 a prime number?
False
Is 108301810117 a composite number?
True
Is 4146729667 a composite number?
False
Is 672559463 a prime number?
True
Is 344366683 composite?
False
Is 4973938927 prime?
True
Is 1904711051 a prime number?
True
Is 4431246007 prime?
False
Is 35892715211 a composite number?
True
Is 200437271 prime?
True
Is 15876870589 a prime number?
False
Is 2004454987 a prime number?
True
Is 1696101013 a prime number?
False
Is 43099291 prime?
False
Is 4413571891 prime?
True
Is 1046800049 composite?
False
Is 1948431673 prime?
False
Is 22323389971 prime?
True
Is 104684917 a prime number?
True
Is 473107681 a prime number?
True
Is 152348809 composite?
False
Is 3574472623 a composite number?
True
Is 1020297383 prime?
False
Is 582271817 composite?
False
Is 49481382493 a composite number?
True
Is 22442765881 a composite number?
False
Is 949339481 composite?
False
Is 11167696121 prime?
True
Is 30765110969 prime?
True
Is 34466035502 a prime number?
False
Is 42801053101 a prime number?
False
Is 4118231263 a prime number?
False
Is 44244724213 composite?
False
Is 254306463469 prime?
True
Is 18746046809 a prime number?
False
Is 188014129 composite?
False
Is 67910788961 composite?
False
Is 1212612367 a prime number?
True
Is 13151567519 a prime number?
False
Is 20189251171 a prime number?
True
Is 3335517167 prime?
True
Is 6829055003 a prime number?
True
Is 39835527673 a composite number?
False
Is 218127757313 a prime number?
False
Is 311416267 composite?
False
Is 4073553865 prime?
False
Is 2256559769 prime?
False
Is 376656017 prime?
True
Is 16779428131 a prime number?
True
Is 3504293267 a composite number?
True
Is 11997095801 a composite number?
True
Is 9614113427 a composite number?
True
Is 2719680823 composite?
False
Is 1260982393 a prime number?
False
Is 13941212459 a prime number?
True
Is 118033243 prime?
True
Is 53372863 a composite number?
False
Is 896359091 a composite number?
True
Is 39174973 a composite number?
False
Is 11069206303 a composite number?
False
Is 956267503 composite?
False
Is 11671867993 prime?
True
Is 347576626 prime?
False
Is 2120209697 a composite number?
False
Is 11739437917 prime?
True
Is 575538679 a prime number?
True
Is 145412767 composite?
False
Is 8366688221 prime?
False
Is 701598691 a composite number?
False
Is 573199597 a composite number?
True
Is 9782929547 a prime number?
True
Is 2428501177 a composite number?
False
Is 138006283 a prime number?
False
Is 10074124997 prime?
True
Is 60087791 a prime number?
False
Is 88675147997 prime?
False
Is 1125648499 a prime number?
False
Is 2901918797 a composite number?
False
Is 2945270561 a composite number?
False
Is 9975223 a prime number?
True
Is 462826541 prime?
False
Is 41179267 prime?
True
Is 991226317 a prime number?
True
Is 49829847167 a prime number?
True
Is 10358095663 a prime number?
True
Is 342923687 a prime number?
True
Is 11231663203 composite?
False
Is 707387843 a composi